
4
Suppose -3*h - x = -2011, 4*h - x - 4*x = 2713. Suppose 96 = 4*s - h. What is the tens digit of s?
9
Let c(m) = -177*m**2 - 4*m - 4. Let z be c(-1). Let g = -20 - z. What is the hundreds digit of g?
1
Suppose 1 = -4*y + 9. Suppose 0 = 2*v + 2, -n + 338 = 3*n - y*v. What is the units digit of n?
4
Let w = 20 + 1. Let b be 36/2 + (16 - 22). Let h = w - b. What is the units digit of h?
9
Let l be 1*(-3)/6 - (-17)/2. Let s(r) = r - 19. Let y(k) = -10. Let o(i) = 4*s(i) - 9*y(i). What is the tens digit of o(l)?
4
Let y = 7 + -9. Let n(l) = -11*l**3 - 4*l**2 - 2*l. What is the units digit of n(y)?
6
Let o be (-2)/(-4) + 74/(-4). Let q = o - -24. What is the tens digit of (37/1)/(3/q)?
7
Suppose -11*g - 14*g + 38150 = 0. What is the units digit of g?
6
Suppose 2*x + 5*c = 535, 4*c = x + 5*c - 272. What is the tens digit of x?
7
Suppose 10*f + 66 - 26 = 0. Let y(i) = 7*i**2 + 3*i - 5. What is the tens digit of y(f)?
9
Let x = 12 + -9. Let d be 0*(x + (-4 - -2)). Suppose d = v - 2*v + 17. What is the tens digit of v?
1
Let u = 559 - 389. What is the units digit of u?
0
What is the hundreds digit of 5/30 - 13919/(-6)?
3
Let x(l) be the first derivative of l**2/2 + 29*l - 32. What is the units digit of x(0)?
9
Let a = 13 - 8. Suppose -3 = n, -n = -4*q - a*n - 4. Suppose 0 = -5*z - q*i + 112, -4*z = 3*i - 11 - 80. What is the units digit of z?
2
Suppose 0 = 988*y - 978*y - 110. Let b(w) = 3*w**3 - 2*w**2 - 4. Let t be b(4). Suppose -y*q + t = -5*q. What is the units digit of q?
6
Let c(t) = -t**3 - 3*t**2 + 4*t + 7. Let b be c(-5). Suppose 2*j - b = 4*v + 115, -4*v = -8. What is the tens digit of j?
8
What is the hundreds digit of (-220)/40*(-134 - (-3 + 1))?
7
Let t(v) = 2*v**3 - 6*v**2 - 9*v + 11. Let h(l) = l**2 + 2*l - 3. Let f be h(-4). What is the units digit of t(f)?
6
Let v = 3482 + -1230. What is the hundreds digit of v?
2
Let s(x) = -3*x - 6. Suppose -2*k - 33 = -2*q + 7, -50 = -3*q + 5*k. Let b be 5/q + 102/(-10). What is the tens digit of s(b)?
2
Suppose -6*n - 3*t + 9 = -5*n, 5*n - 3 = -t. Let j(i) = 4*i + 73. What is the tens digit of j(n)?
7
Suppose -16*g - 8442 = -37*g. What is the hundreds digit of g?
4
Let q be (3/2)/(15/20). Let i(p) = -247*p**q + 10 - 6*p + 246*p**2 - 5. What is the tens digit of i(-5)?
1
Let o(a) = -9*a + 551. What is the units digit of o(53)?
4
Suppose o + 5987 = 4*d, 0 = 3*d + 4*o + 1092 - 5568. What is the units digit of d?
6
Let g = 6 - 13. Let a(q) be the second derivative of q**4/6 + 4*q**3/3 - 5*q**2 - 37*q - 2. What is the tens digit of a(g)?
3
Let u be -2 + 16/10 - (-261)/15. Let b(c) = -c**3 + 17*c**2 + c + 23. What is the units digit of b(u)?
0
Suppose -79 = 2*n - 4*n + 5*h, 0 = 3*n - 4*h - 136. Suppose 0 = -2*q - 2*q + n. Let w = -12 + q. What is the units digit of w?
1
Suppose -2*c + y = -1294, -2*c = -5*y - 687 - 607. What is the units digit of c?
7
What is the tens digit of 47*3 - (5 - 9)?
4
Let f = 17 + -17. Suppose f = -5*a + 5*k, -4*a = 2*k + 2*k. Suppose 2*y = -3*v + 33, -3*y - 3*v = -a*y - 45. What is the units digit of y?
2
Let b(v) = -v**3 - 10*v**2 - 10*v + 17. Let o be b(-9). Let d(j) = -j**2 + 31*j + 37. What is the tens digit of d(o)?
6
Suppose 0 = -2*i + 15 - 11. Suppose 1 = t + i. Let p = t + 13. What is the units digit of p?
2
Let o be -2*3/2 - -5. Let k(j) = -2*j - 16*j + 0*j + o. What is the tens digit of k(-1)?
2
Let k = 1304 - 320. What is the hundreds digit of k?
9
Let n(u) = -u + 16. Let k be n(13). Let z be k/9 - 55/(-15). Suppose 4*b + z*i = 36 + 64, -119 = -5*b + i. What is the units digit of b?
4
Let w(m) = -m + 8. Let v be w(6). Suppose -v = -0*r - r. What is the units digit of 1/(r*(-2)/(-152))?
8
Let k(z) = -z + 45 - 11*z + 16*z. What is the hundreds digit of k(29)?
1
Suppose 5*t - 1055 = 465. What is the units digit of t?
4
Suppose v + 5*s = 27, -s + 16 = 2*v - 2. Let k(r) = -2*r**2 + 14*r - 7. Let i be k(v). What is the units digit of 15/105 - 363/i?
2
Let f(g) be the first derivative of 16*g**2 + g - 1. Let c be (6/9*15/10)/1. What is the tens digit of f(c)?
3
Let c(x) = -2*x + 18. Let d be c(9). Let q(u) = 3*u + 41. What is the units digit of q(d)?
1
What is the tens digit of (108/(-16) + 9)*132*1?
9
Let h be -7 - 1*(-20)/5. What is the units digit of 629/34 + h/(-2)?
0
Let h(w) = 17*w - 57. What is the hundreds digit of h(15)?
1
Let r(a) = -a**2 - 11*a - 14. Let j be ((-81)/36)/((-9)/(-24)). What is the tens digit of r(j)?
1
Suppose o - 10 = -4*o. Suppose -3*x + 57 + 54 = -o*q, x = -4*q + 23. What is the tens digit of x?
3
Suppose 5*w = 7*w + 2. What is the units digit of (-369)/(-15) - w*4/10?
5
Let q(g) = -279*g - 1449. What is the tens digit of q(-12)?
9
Let m(a) = 118*a**2 + 32*a + 81. What is the thousands digit of m(-6)?
4
Suppose 0 = -2*u + 13*u - 121. Let t(w) = w**2 - 2*w + 20. What is the hundreds digit of t(u)?
1
Let u(c) = -c**2 + c - 18. Let q be u(0). Let p = 18 - q. What is the units digit of p?
6
Let u(i) = 3*i**2 + 15*i - 7. Let x(s) = 5*s**2 + 23*s - 10. Let o(t) = -8*u(t) + 5*x(t). Let b be o(6). What is the units digit of 40/6 - (-4)/b?
7
What is the hundreds digit of (1 - 8/24) + (-1904)/(-6)?
3
Let u = -249 + 490. Suppose -8 = 4*l, -3*r + 9 = -2*l - u. Suppose 0 = -2*w - 5*o + 21 + r, -29 = -w + 5*o. What is the tens digit of w?
4
Let s = 1155 + -1135. Suppose 5*l - 16 = l + 4*d, -l = -5*d - 20. Suppose l = -4*q + s + 80. What is the tens digit of q?
2
Let p = 2099 - 1391. What is the tens digit of p?
0
Let y be (20/35)/(6/21). Suppose -y*z - 7 = -17. Suppose -2*m + 4*o + z = -19, 0 = -5*m - 5*o + 60. What is the tens digit of m?
1
Let k(x) = 19*x**2 - 2*x + 35. What is the hundreds digit of k(6)?
7
Let j = -658 - -1345. What is the units digit of j?
7
Suppose 3*g + 64 = 5*l + 160, -2*g = -5*l - 64. What is the units digit of ((-36)/(-3))/((-60)/g + 2)?
6
Let u(d) = d**3 - 6*d**2 - 6*d - 2. Let l be u(7). Suppose -130 = -2*q - 6*j + j, l*q - 367 = -2*j. What is the units digit of q?
5
Suppose -2*m - 4 = 0, -13*u = -11*u + 5*m - 1060. What is the tens digit of u?
3
Suppose 5*c = c + 12. Suppose -5*i - 3*y = -64, -2*i + 66 = c*i + 2*y. Let q = i - 6. What is the units digit of q?
8
Suppose -2*j - 3*d + 0*d + 9 = 0, 5*d = -3*j + 14. Suppose -5*b - 58 = -j*y, 3 = 4*b - b. What is the tens digit of y?
2
Let d be 1/(-1 + 10/11). Let z = 1336 - 1303. What is the tens digit of 2085/z + 2/d?
6
Suppose 0 = 2*v - 4*u - 1340, -4*v - 4*u = 47 - 2727. What is the hundreds digit of v?
6
Let o(g) = 97*g + 21. What is the hundreds digit of o(5)?
5
Suppose 399*c - 395*c - 224 = 0. What is the units digit of c?
6
Suppose -1443 = 5*d - 10*d - 4*x, -1170 = -4*d + 2*x. Suppose -i - d = -4*f, 2*i = -i + 3. What is the tens digit of f?
7
Suppose -3*f = f. Suppose -4*t + 8 + 12 = f. Suppose 0 = -6*r + t*r + 8. What is the units digit of r?
8
Suppose 0 = 4*j - 2*j + 98. What is the tens digit of j*(4/(-2) - -1)?
4
Let u(p) = -8*p + 3 - p - 10 - 10. What is the units digit of u(-9)?
4
Let l be (10/(-10))/(2/(-10)). Suppose 5*g = 6*g - l*h - 95, 4*g - 431 = 3*h. What is the units digit of g?
0
Suppose 2*u + 138 = 7*u - 2*v, u - v = 27. What is the hundreds digit of 5188/22 + u/154?
2
Suppose -13 = -4*l + 7. Suppose 3*n + r - 51 = 120, -l*n + r + 293 = 0. What is the units digit of n?
8
Suppose 3*a = 1348 + 1136. Suppose -102 - 117 = -o - 5*r, 4*o = 4*r + a. What is the hundreds digit of o?
2
What is the hundreds digit of 57309/84 - (-4 + 34/8)?
6
Suppose x + 0 = 2. Suppose 18 = x*j + 5*h - 21, -2*h + 38 = 4*j. Let t(s) = -s**3 + 7*s**2 + 2*s + 2. What is the units digit of t(j)?
6
Let x = 11747 - 6967. What is the tens digit of x?
8
Suppose -2*u + 5*g + 611 = 0, u + 5*g = -4*u + 1615. Let a = u - 174. What is the tens digit of a?
4
Suppose 189 = -6*u - 399. Let q = 68 - u. What is the tens digit of q?
6
Suppose 0*j = -j + 2*n - 9, 5*n + 60 = -3*j. Let i = j + 18. Suppose -i*l = l - 60. What is the units digit of l?
5
Let u(a) = -5 - 2*a**3 - 6*a - 3 + a + 2*a. What is the tens digit of u(-4)?
3
Suppose y + 3 - 8 = 0. Suppose 0 = 3*w - 37 - y. Let c = w + 39. What is the tens digit of c?
5
Suppose -207*h + 55500 = -182*h. What is the hundreds digit of h?
2
What is the hundreds digit of (8/28 - (-104)/28) + 430?
4
Suppose -138*r + 147*r = 26028. What is the hundreds digit